{"id":24791,"date":"2019-11-07T21:32:32","date_gmt":"2019-11-07T21:32:32","guid":{"rendered":"https:\/\/avancso.org.gt\/sexoraza\/?page_id=24791"},"modified":"2019-11-26T20:08:02","modified_gmt":"2019-11-26T20:08:02","slug":"sexo-accionar","status":"publish","type":"page","link":"https:\/\/avancso.org.gt\/violencias\/sexo-accionar\/","title":{"rendered":"Sexo \u00a1Accionar!"},"content":{"rendered":"<div class=\"wpb-content-wrapper\"><p>[vc_row][vc_column][vc_column_text]<img decoding=\"async\" class=\"size-full wp-image-24888 alignleft\" src=\"https:\/\/avancso.org.gt\/violencias\/wp-content\/uploads\/2019\/11\/judithB-200.png\" alt=\"\" width=\"200\" height=\"193\" \/><\/p>\n<p>\u00bfVes? Lo fantasmag\u00f3rico viene de que lo que \u201cpensamos que es\u201d no es lo que en la realidad se vive. No todxs nos clasificamos en los dos sexos aceptados o vivimos un g\u00e9nero aceptado. \u00bfY qu\u00e9 crees que lepasa a personas que, como yo, no normamos nuestra identidad o cuerpo con estas divisiones?<\/p>\n<p>&nbsp;<\/p>\n<p style=\"text-align: right;\"><img decoding=\"async\" class=\"alignright size-full wp-image-24884\" src=\"https:\/\/avancso.org.gt\/violencias\/wp-content\/uploads\/2019\/11\/charliB-200.png\" alt=\"\" width=\"180\" height=\"219\" \/><\/p>\n<p>&nbsp;<\/p>\n<p>&nbsp;<\/p>\n<p style=\"text-align: right;\">\u00a1Se confunden! As\u00ed como yo.<\/p>\n<p><img decoding=\"async\" class=\"size-full wp-image-24888 alignleft\" src=\"https:\/\/avancso.org.gt\/violencias\/wp-content\/uploads\/2019\/11\/judithB-200.png\" alt=\"\" width=\"200\" height=\"193\" \/><\/p>\n<p>&nbsp;<\/p>\n<p>&nbsp;<\/p>\n<p>S\u00ed Charli, pesa la confusi\u00f3n provocada por lo que la sociedad dice, pero podemos hacer algunas cosas. Veamos.[\/vc_column_text][\/vc_column][\/vc_row][vc_row][vc_column][vc_tta_accordion][vc_tta_section add_icon=\u00bbtrue\u00bb title=\u00bbIdea 1&#8243; tab_id=\u00bb1573162191685-641b956e-08e1&#8243; i_icon_elegant=\u00bbgem-print-icon gem-icon-pack-elegant icon_star\u00bb][vc_column_text]Puedes escribir tus experiencias con tiempo y con calma. La idea es deconstruir. Podr\u00edas escribir sobre\u2026<\/p>\n<ol>\n<li>Las ideas que te impusieron.<\/li>\n<li>C\u00f3mo te sientes con esas ideas.<\/li>\n<li>Qu\u00e9 quieres cambiar y c\u00f3mo lo vas a cambiar.<\/li>\n<\/ol>\n<p>[\/vc_column_text][\/vc_tta_section][vc_tta_section add_icon=\u00bbtrue\u00bb title=\u00bbIdea 2&#8243; tab_id=\u00bb1573162191808-230f973f-6854&#8243; i_icon_elegant=\u00bbgem-print-icon gem-icon-pack-elegant icon_star\u00bb][vc_column_text]Cu\u00e9ntales a otros lo que aprendiste. Graba un video, as\u00ed como los que viste en este m\u00f3dulo para explicar las ideas que te llamaron la atenci\u00f3n o que fueron relevantes para ti. Comparte este video con otras personas a quienes creas que les pueda interesar o, tal vez, les servir\u00eda escucharlas.[\/vc_column_text][\/vc_tta_section][\/vc_tta_accordion][\/vc_column][\/vc_row][vc_row][vc_column][vc_column_text]<img decoding=\"async\" class=\"size-full wp-image-25005 alignleft\" src=\"https:\/\/avancso.org.gt\/violencias\/wp-content\/uploads\/2019\/11\/sashaB-200.png\" alt=\"\" width=\"200\" height=\"188\" \/>\u00a1Gracias Judith! Ha sido un privilegio escucharte y creo que para Sasha fue muy importante. Esperamos volver a verte y escuchar m\u00e1s de tus ideas. Nos cuestionan y nos hacen ruido, pero tambi\u00e9n nos ayudan a reinventarlos. \u00a1Vamos Charli! Sigamos nuestro camino\u2026[\/vc_column_text][\/vc_column][\/vc_row][vc_row][vc_column]<div class=\"gem-button-container gem-button-position-center\"><a title=\"Sexo  \u00bfQu\u00e9 opinas?\" class=\"gem-button gem-button-size-small gem-button-style-flat gem-button-text-weight-normal gem-button-icon-position-left\" style=\"border-radius: 3px;\" onmouseleave=\"\" onmouseenter=\"\" href=\"https:\/\/avancso.org.gt\/violencias\/sexo-que-opinas\/\" target=\"_self\"><i class=\"gem-print-icon gem-icon-pack-elegant\">&#x23;<\/i>Regresa<\/a><\/div> [\/vc_column][\/vc_row][vc_row][vc_column]<div class=\"gem-textbox \"  ><div class=\"gem-textbox-top gem-textbox-top-flag\"><svg viewBox=\"0 0 1000 20\" preserveAspectRatio=\"none\" width=\"100%\" height=\"20\" style=\"fill: #e1c9f2;\"><path d=\"M 0,20.5 0,0 500,20.5 1000,0 1000,20.5\" \/><\/svg><\/div><div class=\"gem-textbox-inner\" style=\"\"><div class=\"gem-textbox-content\" style=\"background-color: #e1c9f2;background-position: center top;\">[vc_column_text]<\/p>\n<p style=\"text-align: center;\"><strong>Contin\u00faa con el m\u00f3dulo: <a href=\"https:\/\/avancso.org.gt\/violencias\/pf\/genero\/\">G\u00e9nero<\/a>.<\/strong><\/p>\n<p>[\/vc_column_text]<\/div><\/div><div class=\"gem-textbox-bottom gem-textbox-bottom-flag\"><svg viewBox=\"0 0 1000 20\" preserveAspectRatio=\"none\" width=\"100%\" height=\"20\" style=\"fill: #e1c9f2;\"><path d=\"M 0,-0.5 0,20 500,0 1000,20 1000,-0.5\" \/><\/svg><\/div><\/div>[\/vc_column][\/vc_row]<\/p>\n<\/div>","protected":false},"excerpt":{"rendered":"<p>[vc_row][vc_column][vc_column_text] \u00bfVes? Lo fantasmag\u00f3rico viene de que lo que \u201cpensamos que es\u201d no es lo que en la realidad se&#8230;<\/p>\n","protected":false},"author":1,"featured_media":0,"parent":0,"menu_order":0,"comment_status":"closed","ping_status":"closed","template":"","meta":{"footnotes":""},"class_list":["post-24791","page","type-page","status-publish"],"_links":{"self":[{"href":"https:\/\/avancso.org.gt\/violencias\/wp-json\/wp\/v2\/pages\/24791","targetHints":{"allow":["GET"]}}],"collection":[{"href":"https:\/\/avancso.org.gt\/violencias\/wp-json\/wp\/v2\/pages"}],"about":[{"href":"https:\/\/avancso.org.gt\/violencias\/wp-json\/wp\/v2\/types\/page"}],"author":[{"embeddable":true,"href":"https:\/\/avancso.org.gt\/violencias\/wp-json\/wp\/v2\/users\/1"}],"replies":[{"embeddable":true,"href":"https:\/\/avancso.org.gt\/violencias\/wp-json\/wp\/v2\/comments?post=24791"}],"version-history":[{"count":9,"href":"https:\/\/avancso.org.gt\/violencias\/wp-json\/wp\/v2\/pages\/24791\/revisions"}],"predecessor-version":[{"id":25189,"href":"https:\/\/avancso.org.gt\/violencias\/wp-json\/wp\/v2\/pages\/24791\/revisions\/25189"}],"wp:attachment":[{"href":"https:\/\/avancso.org.gt\/violencias\/wp-json\/wp\/v2\/media?parent=24791"}],"curies":[{"name":"wp","href":"https:\/\/api.w.org\/{rel}","templated":true}]}}

<div class="wpb-content-wrapper"><p>[vc_row][vc_column][vc_column_text]<img decoding="async" class="size-full wp-image-24888 alignleft" src="https://avancso.org.gt/violencias/wp-content/uploads/2019/11/judithB-200.png" alt="" width="200" height="193" /></p>
<p>¿Ves? Lo fantasmagórico viene de que lo que “pensamos que es” no es lo que en la realidad se vive. No todxs nos clasificamos en los dos sexos aceptados o vivimos un género aceptado. ¿Y qué crees que lepasa a personas que, como yo, no normamos nuestra identidad o cuerpo con estas divisiones?</p>
<p>&nbsp;</p>
<p style="text-align: right;"><img decoding="async" class="alignright size-full wp-image-24884" src="https://avancso.org.gt/violencias/wp-content/uploads/2019/11/charliB-200.png" alt="" width="180" height="219" /></p>
<p>&nbsp;</p>
<p>&nbsp;</p>
<p style="text-align: right;">¡Se confunden! Así como yo.</p>
<p><img decoding="async" class="size-full wp-image-24888 alignleft" src="https://avancso.org.gt/violencias/wp-content/uploads/2019/11/judithB-200.png" alt="" width="200" height="193" /></p>
<p>&nbsp;</p>
<p>&nbsp;</p>
<p>Sí Charli, pesa la confusión provocada por lo que la sociedad dice, pero podemos hacer algunas cosas. Veamos.[/vc_column_text][/vc_column][/vc_row][vc_row][vc_column][vc_tta_accordion][vc_tta_section add_icon=»true» title=»Idea 1&#8243; tab_id=»1573162191685-641b956e-08e1&#8243; i_icon_elegant=»gem-print-icon gem-icon-pack-elegant icon_star»][vc_column_text]Puedes escribir tus experiencias con tiempo y con calma. La idea es deconstruir. Podrías escribir sobre…</p>
<ol>
<li>Las ideas que te impusieron.</li>
<li>Cómo te sientes con esas ideas.</li>
<li>Qué quieres cambiar y cómo lo vas a cambiar.</li>
</ol>
<p>[/vc_column_text][/vc_tta_section][vc_tta_section add_icon=»true» title=»Idea 2&#8243; tab_id=»1573162191808-230f973f-6854&#8243; i_icon_elegant=»gem-print-icon gem-icon-pack-elegant icon_star»][vc_column_text]Cuéntales a otros lo que aprendiste. Graba un video, así como los que viste en este módulo para explicar las ideas que te llamaron la atención o que fueron relevantes para ti. Comparte este video con otras personas a quienes creas que les pueda interesar o, tal vez, les serviría escucharlas.[/vc_column_text][/vc_tta_section][/vc_tta_accordion][/vc_column][/vc_row][vc_row][vc_column][vc_column_text]<img decoding="async" class="size-full wp-image-25005 alignleft" src="https://avancso.org.gt/violencias/wp-content/uploads/2019/11/sashaB-200.png" alt="" width="200" height="188" />¡Gracias Judith! Ha sido un privilegio escucharte y creo que para Sasha fue muy importante. Esperamos volver a verte y escuchar más de tus ideas. Nos cuestionan y nos hacen ruido, pero también nos ayudan a reinventarlos. ¡Vamos Charli! Sigamos nuestro camino…[/vc_column_text][/vc_column][/vc_row][vc_row][vc_column]<div class="gem-button-container gem-button-position-center"><a title="Sexo  ¿Qué opinas?" class="gem-button gem-button-size-small gem-button-style-flat gem-button-text-weight-normal gem-button-icon-position-left" style="border-radius: 3px;" onmouseleave="" onmouseenter="" href="https://avancso.org.gt/violencias/sexo-que-opinas/" target="_self"><i class="gem-print-icon gem-icon-pack-elegant">&#x23;</i>Regresa</a></div> [/vc_column][/vc_row][vc_row][vc_column]<div class="gem-textbox "  ><div class="gem-textbox-top gem-textbox-top-flag"><svg viewBox="0 0 1000 20" preserveAspectRatio="none" width="100%" height="20" style="fill: #e1c9f2;"><path d="M 0,20.5 0,0 500,20.5 1000,0 1000,20.5" /></svg></div><div class="gem-textbox-inner" style=""><div class="gem-textbox-content" style="background-color: #e1c9f2;background-position: center top;">[vc_column_text]</p>
<p style="text-align: center;"><strong>Continúa con el módulo: <a href="https://avancso.org.gt/violencias/pf/genero/">Género</a>.</strong></p>
<p>[/vc_column_text]</div></div><div class="gem-textbox-bottom gem-textbox-bottom-flag"><svg viewBox="0 0 1000 20" preserveAspectRatio="none" width="100%" height="20" style="fill: #e1c9f2;"><path d="M 0,-0.5 0,20 500,0 1000,20 1000,-0.5" /></svg></div></div>[/vc_column][/vc_row]</p>
</div>

<p>[vc_row][vc_column][vc_column_text] ¿Ves? Lo fantasmagórico viene de que lo que “pensamos que es” no es lo que en la realidad se&#8230;</p>
